{"id":4906,"date":"2025-10-11T18:57:09","date_gmt":"2025-10-11T16:57:09","guid":{"rendered":"https:\/\/www.whatthefit.fr\/?page_id=4906"},"modified":"2025-10-13T22:26:59","modified_gmt":"2025-10-13T20:26:59","slug":"mes-unites","status":"publish","type":"page","link":"https:\/\/www.whatthefit.fr\/index.php\/mes-unites\/","title":{"rendered":"Mes unit\u00e9s"},"content":{"rendered":"\n<p>T\u2019as transpir\u00e9, boug\u00e9, saut\u00e9\u2026 mais tu ne sais plus combien de s\u00e9ances il te reste ?<br>T&rsquo;as une carte TEN ou ONE ? Respire \ud83d\ude09 (entre ton num\u00e9ro de commande : on te dit tout ici \ud83d\udc47).<\/p>\n\n\n        <form method=\"post\" class=\"wtf-units-form\" style=\"margin:1rem 0;\">\n        <input type=\"hidden\" id=\"wtf_units_nonce\" name=\"wtf_units_nonce\" value=\"ebdf70077b\" \/><input type=\"hidden\" name=\"_wp_http_referer\" value=\"\/index.php\/wp-json\/wp\/v2\/pages\/4906\" \/>        <!-- Honeypot anti-spam (ne pas remplir) -->\n        <input type=\"text\" name=\"wtf_hp\" value=\"\" style=\"position:absolute;left:-9999px;\" tabindex=\"-1\" autocomplete=\"off\" aria-hidden=\"true\">\n        <input\n            type=\"text\"\n            id=\"wtf_order_number\"\n            name=\"wtf_order_number\"\n            value=\"\"\n            placeholder=\"Ex : 12345\"\n            required\n            inputmode=\"numeric\"\n            pattern=\"\\d*\"\n            style=\"padding:.6rem;max-width:260px;width:100%;margin-right:.5rem;\"\n            autofocus\n        >\n        <button type=\"submit\" aria-label=\"Consulter mes unit\u00e9s\" style=\"padding:.8rem 1.4rem;cursor:pointer;\">Consulter mes unit\u00e9s<\/button>\n    <\/form>\n        <style>\n        .wtf-units-form input[type=\"text\"]{\n            border:1px solid #ddd;\n            border-radius:6px;\n            padding:.7rem .8rem;\n            font-size:1.5rem;\n        }\n        .wtf-units-form button{\n            border:none;\n            border-radius:6px;\n            background:#000;\n            color:#fff;\n            font-size:1.3rem;\n            font-weight:600;\n            padding:.8rem 1.4rem;\n            transition:all .2s ease;\n        }\n        .wtf-units-form button:hover{\n            background:#333;\n            transform:scale(1.05);\n        }\n        .wtf-units-form label{\n            font-weight:500;\n            font-size:1.5rem;\n        }\n        @media (max-width: 600px){\n            .wtf-units-history li{ font-size:.95rem; }\n        }\n    <\/style>\n    \n","protected":false},"excerpt":{"rendered":"<p>T\u2019as transpir\u00e9, boug\u00e9, saut\u00e9\u2026 mais tu ne sais plus combien de s\u00e9ances il te reste ?T&rsquo;as une carte TEN ou ONE ? Respire \ud83d\ude09 (entre ton num\u00e9ro de commande : on te dit tout ici \ud83d\udc47).<\/p>\n","protected":false},"author":1,"featured_media":0,"parent":0,"menu_order":0,"comment_status":"closed","ping_status":"closed","template":"","meta":{"_uag_custom_page_level_css":"","footnotes":""},"class_list":["post-4906","page","type-page","status-publish","hentry","entry"],"yoast_head":"<!-- This site is optimized with the Yoast SEO plugin v27.5 - https:\/\/yoast.com\/product\/yoast-seo-wordpress\/ -->\n<title>Mes unit\u00e9s - What the Fit<\/title>\n<meta name=\"robots\" content=\"index, follow, max-snippet:-1, max-image-preview:large, max-video-preview:-1\" \/>\n<link rel=\"canonical\" href=\"https:\/\/www.whatthefit.fr\/index.php\/mes-unites\/\" \/>\n<meta property=\"og:locale\" content=\"fr_FR\" \/>\n<meta property=\"og:type\" content=\"article\" \/>\n<meta property=\"og:title\" content=\"Mes unit\u00e9s - What the Fit\" \/>\n<meta property=\"og:description\" content=\"T\u2019as transpir\u00e9, boug\u00e9, saut\u00e9\u2026 mais tu ne sais plus combien de s\u00e9ances il te reste ?T&rsquo;as une carte TEN ou ONE ? Respire \ud83d\ude09 (entre ton num\u00e9ro de commande : on te dit tout ici \ud83d\udc47).\" \/>\n<meta property=\"og:url\" content=\"https:\/\/www.whatthefit.fr\/index.php\/mes-unites\/\" \/>\n<meta property=\"og:site_name\" content=\"What the Fit\" \/>\n<meta property=\"article:publisher\" content=\"https:\/\/www.facebook.com\/AdminWTFit\/\" \/>\n<meta property=\"article:modified_time\" content=\"2025-10-13T20:26:59+00:00\" \/>\n<meta name=\"twitter:card\" content=\"summary_large_image\" \/>\n<meta name=\"twitter:label1\" content=\"Dur\u00e9e de lecture estim\u00e9e\" \/>\n\t<meta name=\"twitter:data1\" content=\"1 minute\" \/>\n<script type=\"application\/ld+json\" class=\"yoast-schema-graph\">{\"@context\":\"https:\\\/\\\/schema.org\",\"@graph\":[{\"@type\":\"WebPage\",\"@id\":\"https:\\\/\\\/www.whatthefit.fr\\\/index.php\\\/mes-unites\\\/\",\"url\":\"https:\\\/\\\/www.whatthefit.fr\\\/index.php\\\/mes-unites\\\/\",\"name\":\"Mes unit\u00e9s - What the Fit\",\"isPartOf\":{\"@id\":\"https:\\\/\\\/www.whatthefit.fr\\\/#website\"},\"datePublished\":\"2025-10-11T16:57:09+00:00\",\"dateModified\":\"2025-10-13T20:26:59+00:00\",\"breadcrumb\":{\"@id\":\"https:\\\/\\\/www.whatthefit.fr\\\/index.php\\\/mes-unites\\\/#breadcrumb\"},\"inLanguage\":\"fr-FR\",\"potentialAction\":[{\"@type\":\"ReadAction\",\"target\":[\"https:\\\/\\\/www.whatthefit.fr\\\/index.php\\\/mes-unites\\\/\"]}]},{\"@type\":\"BreadcrumbList\",\"@id\":\"https:\\\/\\\/www.whatthefit.fr\\\/index.php\\\/mes-unites\\\/#breadcrumb\",\"itemListElement\":[{\"@type\":\"ListItem\",\"position\":1,\"name\":\"Accueil\",\"item\":\"https:\\\/\\\/www.whatthefit.fr\\\/\"},{\"@type\":\"ListItem\",\"position\":2,\"name\":\"Mes unit\u00e9s\"}]},{\"@type\":\"WebSite\",\"@id\":\"https:\\\/\\\/www.whatthefit.fr\\\/#website\",\"url\":\"https:\\\/\\\/www.whatthefit.fr\\\/\",\"name\":\"What the Fit\",\"description\":\"May the Fit be With You !\",\"publisher\":{\"@id\":\"https:\\\/\\\/www.whatthefit.fr\\\/#organization\"},\"potentialAction\":[{\"@type\":\"SearchAction\",\"target\":{\"@type\":\"EntryPoint\",\"urlTemplate\":\"https:\\\/\\\/www.whatthefit.fr\\\/?s={search_term_string}\"},\"query-input\":{\"@type\":\"PropertyValueSpecification\",\"valueRequired\":true,\"valueName\":\"search_term_string\"}}],\"inLanguage\":\"fr-FR\"},{\"@type\":\"Organization\",\"@id\":\"https:\\\/\\\/www.whatthefit.fr\\\/#organization\",\"name\":\"WTF - What the Fit\",\"url\":\"https:\\\/\\\/www.whatthefit.fr\\\/\",\"logo\":{\"@type\":\"ImageObject\",\"inLanguage\":\"fr-FR\",\"@id\":\"https:\\\/\\\/www.whatthefit.fr\\\/#\\\/schema\\\/logo\\\/image\\\/\",\"url\":\"https:\\\/\\\/www.whatthefit.fr\\\/wp-content\\\/uploads\\\/2022\\\/09\\\/Copie-de-Logo-Flo-VF-Noir.png\",\"contentUrl\":\"https:\\\/\\\/www.whatthefit.fr\\\/wp-content\\\/uploads\\\/2022\\\/09\\\/Copie-de-Logo-Flo-VF-Noir.png\",\"width\":1079,\"height\":1419,\"caption\":\"WTF - What the Fit\"},\"image\":{\"@id\":\"https:\\\/\\\/www.whatthefit.fr\\\/#\\\/schema\\\/logo\\\/image\\\/\"},\"sameAs\":[\"https:\\\/\\\/www.facebook.com\\\/AdminWTFit\\\/\",\"https:\\\/\\\/www.instagram.com\\\/wtfwhatthefitaix\\\/\"]}]}<\/script>\n<!-- \/ Yoast SEO plugin. -->","yoast_head_json":{"title":"Mes unit\u00e9s - What the Fit","robots":{"index":"index","follow":"follow","max-snippet":"max-snippet:-1","max-image-preview":"max-image-preview:large","max-video-preview":"max-video-preview:-1"},"canonical":"https:\/\/www.whatthefit.fr\/index.php\/mes-unites\/","og_locale":"fr_FR","og_type":"article","og_title":"Mes unit\u00e9s - What the Fit","og_description":"T\u2019as transpir\u00e9, boug\u00e9, saut\u00e9\u2026 mais tu ne sais plus combien de s\u00e9ances il te reste ?T&rsquo;as une carte TEN ou ONE ? Respire \ud83d\ude09 (entre ton num\u00e9ro de commande : on te dit tout ici \ud83d\udc47).","og_url":"https:\/\/www.whatthefit.fr\/index.php\/mes-unites\/","og_site_name":"What the Fit","article_publisher":"https:\/\/www.facebook.com\/AdminWTFit\/","article_modified_time":"2025-10-13T20:26:59+00:00","twitter_card":"summary_large_image","twitter_misc":{"Dur\u00e9e de lecture estim\u00e9e":"1 minute"},"schema":{"@context":"https:\/\/schema.org","@graph":[{"@type":"WebPage","@id":"https:\/\/www.whatthefit.fr\/index.php\/mes-unites\/","url":"https:\/\/www.whatthefit.fr\/index.php\/mes-unites\/","name":"Mes unit\u00e9s - What the Fit","isPartOf":{"@id":"https:\/\/www.whatthefit.fr\/#website"},"datePublished":"2025-10-11T16:57:09+00:00","dateModified":"2025-10-13T20:26:59+00:00","breadcrumb":{"@id":"https:\/\/www.whatthefit.fr\/index.php\/mes-unites\/#breadcrumb"},"inLanguage":"fr-FR","potentialAction":[{"@type":"ReadAction","target":["https:\/\/www.whatthefit.fr\/index.php\/mes-unites\/"]}]},{"@type":"BreadcrumbList","@id":"https:\/\/www.whatthefit.fr\/index.php\/mes-unites\/#breadcrumb","itemListElement":[{"@type":"ListItem","position":1,"name":"Accueil","item":"https:\/\/www.whatthefit.fr\/"},{"@type":"ListItem","position":2,"name":"Mes unit\u00e9s"}]},{"@type":"WebSite","@id":"https:\/\/www.whatthefit.fr\/#website","url":"https:\/\/www.whatthefit.fr\/","name":"What the Fit","description":"May the Fit be With You !","publisher":{"@id":"https:\/\/www.whatthefit.fr\/#organization"},"potentialAction":[{"@type":"SearchAction","target":{"@type":"EntryPoint","urlTemplate":"https:\/\/www.whatthefit.fr\/?s={search_term_string}"},"query-input":{"@type":"PropertyValueSpecification","valueRequired":true,"valueName":"search_term_string"}}],"inLanguage":"fr-FR"},{"@type":"Organization","@id":"https:\/\/www.whatthefit.fr\/#organization","name":"WTF - What the Fit","url":"https:\/\/www.whatthefit.fr\/","logo":{"@type":"ImageObject","inLanguage":"fr-FR","@id":"https:\/\/www.whatthefit.fr\/#\/schema\/logo\/image\/","url":"https:\/\/www.whatthefit.fr\/wp-content\/uploads\/2022\/09\/Copie-de-Logo-Flo-VF-Noir.png","contentUrl":"https:\/\/www.whatthefit.fr\/wp-content\/uploads\/2022\/09\/Copie-de-Logo-Flo-VF-Noir.png","width":1079,"height":1419,"caption":"WTF - What the Fit"},"image":{"@id":"https:\/\/www.whatthefit.fr\/#\/schema\/logo\/image\/"},"sameAs":["https:\/\/www.facebook.com\/AdminWTFit\/","https:\/\/www.instagram.com\/wtfwhatthefitaix\/"]}]}},"uagb_featured_image_src":{"full":false,"thumbnail":false,"medium":false,"medium_large":false,"large":false,"1536x1536":false,"2048x2048":false,"ocean-thumb-m":false,"ocean-thumb-ml":false,"ocean-thumb-l":false,"mailpoet_newsletter_max":false,"woocommerce_thumbnail":false,"woocommerce_single":false,"woocommerce_gallery_thumbnail":false},"uagb_author_info":{"display_name":"Admin1944","author_link":"https:\/\/www.whatthefit.fr\/index.php\/author\/admin1944\/"},"uagb_comment_info":0,"uagb_excerpt":"T\u2019as transpir\u00e9, boug\u00e9, saut\u00e9\u2026 mais tu ne sais plus combien de s\u00e9ances il te reste ?T&rsquo;as une carte TEN ou ONE ? Respire \ud83d\ude09 (entre ton num\u00e9ro de commande : on te dit tout ici \ud83d\udc47).","_links":{"self":[{"href":"https:\/\/www.whatthefit.fr\/index.php\/wp-json\/wp\/v2\/pages\/4906","targetHints":{"allow":["GET"]}}],"collection":[{"href":"https:\/\/www.whatthefit.fr\/index.php\/wp-json\/wp\/v2\/pages"}],"about":[{"href":"https:\/\/www.whatthefit.fr\/index.php\/wp-json\/wp\/v2\/types\/page"}],"author":[{"embeddable":true,"href":"https:\/\/www.whatthefit.fr\/index.php\/wp-json\/wp\/v2\/users\/1"}],"replies":[{"embeddable":true,"href":"https:\/\/www.whatthefit.fr\/index.php\/wp-json\/wp\/v2\/comments?post=4906"}],"version-history":[{"count":5,"href":"https:\/\/www.whatthefit.fr\/index.php\/wp-json\/wp\/v2\/pages\/4906\/revisions"}],"predecessor-version":[{"id":4923,"href":"https:\/\/www.whatthefit.fr\/index.php\/wp-json\/wp\/v2\/pages\/4906\/revisions\/4923"}],"wp:attachment":[{"href":"https:\/\/www.whatthefit.fr\/index.php\/wp-json\/wp\/v2\/media?parent=4906"}],"curies":[{"name":"wp","href":"https:\/\/api.w.org\/{rel}","templated":true}]}}