{"id":161,"date":"2022-09-30T22:53:06","date_gmt":"2022-09-30T20:53:06","guid":{"rendered":"https:\/\/www.whatthefit.fr\/?post_type=product&#038;p=161"},"modified":"2025-08-26T23:48:43","modified_gmt":"2025-08-26T21:48:43","slug":"mini-fit","status":"publish","type":"product","link":"https:\/\/www.whatthefit.fr\/index.php\/produit\/mini-fit\/","title":{"rendered":"MINI FIT &#8211; 1 MOIS"},"content":{"rendered":"<p>Achat d&rsquo;un forfait<strong> MINI FIT<\/strong> (welcome, stranger), qui donne acc\u00e8s \u00e0 <strong>tous nos cours en illimit\u00e9<\/strong>.<\/p>\n<p>Valable \u00e0 compter de la <strong>date d&rsquo;achat et pour une dur\u00e9e d&rsquo;un mois.<\/strong><\/p>\n<p>Tu recevras instantan\u00e9ment ta carte d&rsquo;abonnement par mail. Elle sera \u00e0 <strong>pr\u00e9senter \u00e0 l&rsquo;\u00e9quipe en salle avant chaque cours.\u00a0<\/strong><\/p>\n<p><strong>Attention<\/strong>, si tu ne re\u00e7ois pas ta carte d&rsquo;abonnement, pense \u00e0 v\u00e9rifier tes mails ind\u00e9sirables !<\/p>\n","protected":false},"excerpt":{"rendered":"<p>Achat d&rsquo;un forfait MINI FIT (welcome, stranger), qui donne acc\u00e8s \u00e0 tous nos cours en illimit\u00e9. Valable \u00e0 compter de la date d&rsquo;achat et pour une dur\u00e9e d&rsquo;un mois. Tu recevras instantan\u00e9ment ta carte d&rsquo;abonnement par mail. Elle sera \u00e0 pr\u00e9senter \u00e0 l&rsquo;\u00e9quipe en salle avant chaque cours.\u00a0 Attention, si tu ne re\u00e7ois pas ta [&hellip;]<\/p>\n","protected":false},"featured_media":3345,"template":"","meta":{"_uag_custom_page_level_css":""},"product_brand":[],"product_cat":[29],"product_tag":[],"class_list":{"0":"post-161","1":"product","2":"type-product","3":"status-publish","4":"has-post-thumbnail","6":"product_cat-abonnements","7":"entry","8":"has-media","10":"first","11":"instock","12":"downloadable","13":"virtual","14":"sold-individually","15":"purchasable","16":"product-type-simple"},"yoast_head":"<!-- This site is optimized with the Yoast SEO plugin v27.3 - https:\/\/yoast.com\/product\/yoast-seo-wordpress\/ -->\n<title>MINI FIT - 1 MOIS - What the Fit<\/title>\n<meta name=\"description\" content=\"Achat d&#039;un forfait MINI FIT (welcome, stranger), qui donne acc\u00e8s \u00e0 tous nos cours en illimit\u00e9. Valable pour une dur\u00e9e d&#039;un mois.\" \/>\n<meta name=\"robots\" content=\"index, follow, max-snippet:-1, max-image-preview:large, max-video-preview:-1\" \/>\n<link rel=\"canonical\" href=\"https:\/\/www.whatthefit.fr\/index.php\/produit\/mini-fit\/\" \/>\n<meta property=\"og:locale\" content=\"fr_FR\" \/>\n<meta property=\"og:type\" content=\"article\" \/>\n<meta property=\"og:title\" content=\"MINI FIT - 1 MOIS - What the Fit\" \/>\n<meta property=\"og:description\" content=\"Achat d&#039;un forfait MINI FIT (welcome, stranger), qui donne acc\u00e8s \u00e0 tous nos cours en illimit\u00e9. Valable pour une dur\u00e9e d&#039;un mois.\" \/>\n<meta property=\"og:url\" content=\"https:\/\/www.whatthefit.fr\/index.php\/produit\/mini-fit\/\" \/>\n<meta property=\"og:site_name\" content=\"What the Fit\" \/>\n<meta property=\"article:publisher\" content=\"https:\/\/www.facebook.com\/AdminWTFit\/\" \/>\n<meta property=\"article:modified_time\" content=\"2025-08-26T21:48:43+00:00\" \/>\n<meta property=\"og:image\" content=\"https:\/\/www.whatthefit.fr\/wp-content\/uploads\/2025\/02\/MINI_ref.png\" \/>\n\t<meta property=\"og:image:width\" content=\"1007\" \/>\n\t<meta property=\"og:image:height\" content=\"1007\" \/>\n\t<meta property=\"og:image:type\" content=\"image\/png\" \/>\n<meta name=\"twitter:card\" content=\"summary_large_image\" \/>\n<meta name=\"twitter:label1\" content=\"Dur\u00e9e de lecture estim\u00e9e\" \/>\n\t<meta name=\"twitter:data1\" content=\"1 minute\" \/>\n<script type=\"application\/ld+json\" class=\"yoast-schema-graph\">{\"@context\":\"https:\\\/\\\/schema.org\",\"@graph\":[{\"@type\":\"WebPage\",\"@id\":\"https:\\\/\\\/www.whatthefit.fr\\\/index.php\\\/produit\\\/mini-fit\\\/\",\"url\":\"https:\\\/\\\/www.whatthefit.fr\\\/index.php\\\/produit\\\/mini-fit\\\/\",\"name\":\"MINI FIT - 1 MOIS - What the Fit\",\"isPartOf\":{\"@id\":\"https:\\\/\\\/www.whatthefit.fr\\\/#website\"},\"primaryImageOfPage\":{\"@id\":\"https:\\\/\\\/www.whatthefit.fr\\\/index.php\\\/produit\\\/mini-fit\\\/#primaryimage\"},\"image\":{\"@id\":\"https:\\\/\\\/www.whatthefit.fr\\\/index.php\\\/produit\\\/mini-fit\\\/#primaryimage\"},\"thumbnailUrl\":\"https:\\\/\\\/www.whatthefit.fr\\\/wp-content\\\/uploads\\\/2025\\\/02\\\/MINI_ref.png\",\"datePublished\":\"2022-09-30T20:53:06+00:00\",\"dateModified\":\"2025-08-26T21:48:43+00:00\",\"description\":\"Achat d'un forfait MINI FIT (welcome, stranger), qui donne acc\u00e8s \u00e0 tous nos cours en illimit\u00e9. Valable pour une dur\u00e9e d'un mois.\",\"breadcrumb\":{\"@id\":\"https:\\\/\\\/www.whatthefit.fr\\\/index.php\\\/produit\\\/mini-fit\\\/#breadcrumb\"},\"inLanguage\":\"fr-FR\",\"potentialAction\":[{\"@type\":\"ReadAction\",\"target\":[\"https:\\\/\\\/www.whatthefit.fr\\\/index.php\\\/produit\\\/mini-fit\\\/\"]}]},{\"@type\":\"ImageObject\",\"inLanguage\":\"fr-FR\",\"@id\":\"https:\\\/\\\/www.whatthefit.fr\\\/index.php\\\/produit\\\/mini-fit\\\/#primaryimage\",\"url\":\"https:\\\/\\\/www.whatthefit.fr\\\/wp-content\\\/uploads\\\/2025\\\/02\\\/MINI_ref.png\",\"contentUrl\":\"https:\\\/\\\/www.whatthefit.fr\\\/wp-content\\\/uploads\\\/2025\\\/02\\\/MINI_ref.png\",\"width\":1007,\"height\":1007},{\"@type\":\"BreadcrumbList\",\"@id\":\"https:\\\/\\\/www.whatthefit.fr\\\/index.php\\\/produit\\\/mini-fit\\\/#breadcrumb\",\"itemListElement\":[{\"@type\":\"ListItem\",\"position\":1,\"name\":\"Accueil\",\"item\":\"https:\\\/\\\/www.whatthefit.fr\\\/\"},{\"@type\":\"ListItem\",\"position\":2,\"name\":\"Boutique\",\"item\":\"https:\\\/\\\/www.whatthefit.fr\\\/index.php\\\/boutique\\\/\"},{\"@type\":\"ListItem\",\"position\":3,\"name\":\"MINI FIT &#8211; 1 MOIS\"}]},{\"@type\":\"WebSite\",\"@id\":\"https:\\\/\\\/www.whatthefit.fr\\\/#website\",\"url\":\"https:\\\/\\\/www.whatthefit.fr\\\/\",\"name\":\"What the Fit\",\"description\":\"May the Fit be With You !\",\"publisher\":{\"@id\":\"https:\\\/\\\/www.whatthefit.fr\\\/#organization\"},\"potentialAction\":[{\"@type\":\"SearchAction\",\"target\":{\"@type\":\"EntryPoint\",\"urlTemplate\":\"https:\\\/\\\/www.whatthefit.fr\\\/?s={search_term_string}\"},\"query-input\":{\"@type\":\"PropertyValueSpecification\",\"valueRequired\":true,\"valueName\":\"search_term_string\"}}],\"inLanguage\":\"fr-FR\"},{\"@type\":\"Organization\",\"@id\":\"https:\\\/\\\/www.whatthefit.fr\\\/#organization\",\"name\":\"WTF - What the Fit\",\"url\":\"https:\\\/\\\/www.whatthefit.fr\\\/\",\"logo\":{\"@type\":\"ImageObject\",\"inLanguage\":\"fr-FR\",\"@id\":\"https:\\\/\\\/www.whatthefit.fr\\\/#\\\/schema\\\/logo\\\/image\\\/\",\"url\":\"https:\\\/\\\/www.whatthefit.fr\\\/wp-content\\\/uploads\\\/2022\\\/09\\\/Copie-de-Logo-Flo-VF-Noir.png\",\"contentUrl\":\"https:\\\/\\\/www.whatthefit.fr\\\/wp-content\\\/uploads\\\/2022\\\/09\\\/Copie-de-Logo-Flo-VF-Noir.png\",\"width\":1079,\"height\":1419,\"caption\":\"WTF - What the Fit\"},\"image\":{\"@id\":\"https:\\\/\\\/www.whatthefit.fr\\\/#\\\/schema\\\/logo\\\/image\\\/\"},\"sameAs\":[\"https:\\\/\\\/www.facebook.com\\\/AdminWTFit\\\/\",\"https:\\\/\\\/www.instagram.com\\\/wtfwhatthefitaix\\\/\"]}]}<\/script>\n<!-- \/ Yoast SEO plugin. -->","yoast_head_json":{"title":"MINI FIT - 1 MOIS - What the Fit","description":"Achat d'un forfait MINI FIT (welcome, stranger), qui donne acc\u00e8s \u00e0 tous nos cours en illimit\u00e9. Valable pour une dur\u00e9e d'un mois.","robots":{"index":"index","follow":"follow","max-snippet":"max-snippet:-1","max-image-preview":"max-image-preview:large","max-video-preview":"max-video-preview:-1"},"canonical":"https:\/\/www.whatthefit.fr\/index.php\/produit\/mini-fit\/","og_locale":"fr_FR","og_type":"article","og_title":"MINI FIT - 1 MOIS - What the Fit","og_description":"Achat d'un forfait MINI FIT (welcome, stranger), qui donne acc\u00e8s \u00e0 tous nos cours en illimit\u00e9. Valable pour une dur\u00e9e d'un mois.","og_url":"https:\/\/www.whatthefit.fr\/index.php\/produit\/mini-fit\/","og_site_name":"What the Fit","article_publisher":"https:\/\/www.facebook.com\/AdminWTFit\/","article_modified_time":"2025-08-26T21:48:43+00:00","og_image":[{"width":1007,"height":1007,"url":"https:\/\/www.whatthefit.fr\/wp-content\/uploads\/2025\/02\/MINI_ref.png","type":"image\/png"}],"twitter_card":"summary_large_image","twitter_misc":{"Dur\u00e9e de lecture estim\u00e9e":"1 minute"},"schema":{"@context":"https:\/\/schema.org","@graph":[{"@type":"WebPage","@id":"https:\/\/www.whatthefit.fr\/index.php\/produit\/mini-fit\/","url":"https:\/\/www.whatthefit.fr\/index.php\/produit\/mini-fit\/","name":"MINI FIT - 1 MOIS - What the Fit","isPartOf":{"@id":"https:\/\/www.whatthefit.fr\/#website"},"primaryImageOfPage":{"@id":"https:\/\/www.whatthefit.fr\/index.php\/produit\/mini-fit\/#primaryimage"},"image":{"@id":"https:\/\/www.whatthefit.fr\/index.php\/produit\/mini-fit\/#primaryimage"},"thumbnailUrl":"https:\/\/www.whatthefit.fr\/wp-content\/uploads\/2025\/02\/MINI_ref.png","datePublished":"2022-09-30T20:53:06+00:00","dateModified":"2025-08-26T21:48:43+00:00","description":"Achat d'un forfait MINI FIT (welcome, stranger), qui donne acc\u00e8s \u00e0 tous nos cours en illimit\u00e9. Valable pour une dur\u00e9e d'un mois.","breadcrumb":{"@id":"https:\/\/www.whatthefit.fr\/index.php\/produit\/mini-fit\/#breadcrumb"},"inLanguage":"fr-FR","potentialAction":[{"@type":"ReadAction","target":["https:\/\/www.whatthefit.fr\/index.php\/produit\/mini-fit\/"]}]},{"@type":"ImageObject","inLanguage":"fr-FR","@id":"https:\/\/www.whatthefit.fr\/index.php\/produit\/mini-fit\/#primaryimage","url":"https:\/\/www.whatthefit.fr\/wp-content\/uploads\/2025\/02\/MINI_ref.png","contentUrl":"https:\/\/www.whatthefit.fr\/wp-content\/uploads\/2025\/02\/MINI_ref.png","width":1007,"height":1007},{"@type":"BreadcrumbList","@id":"https:\/\/www.whatthefit.fr\/index.php\/produit\/mini-fit\/#breadcrumb","itemListElement":[{"@type":"ListItem","position":1,"name":"Accueil","item":"https:\/\/www.whatthefit.fr\/"},{"@type":"ListItem","position":2,"name":"Boutique","item":"https:\/\/www.whatthefit.fr\/index.php\/boutique\/"},{"@type":"ListItem","position":3,"name":"MINI FIT &#8211; 1 MOIS"}]},{"@type":"WebSite","@id":"https:\/\/www.whatthefit.fr\/#website","url":"https:\/\/www.whatthefit.fr\/","name":"What the Fit","description":"May the Fit be With You !","publisher":{"@id":"https:\/\/www.whatthefit.fr\/#organization"},"potentialAction":[{"@type":"SearchAction","target":{"@type":"EntryPoint","urlTemplate":"https:\/\/www.whatthefit.fr\/?s={search_term_string}"},"query-input":{"@type":"PropertyValueSpecification","valueRequired":true,"valueName":"search_term_string"}}],"inLanguage":"fr-FR"},{"@type":"Organization","@id":"https:\/\/www.whatthefit.fr\/#organization","name":"WTF - What the Fit","url":"https:\/\/www.whatthefit.fr\/","logo":{"@type":"ImageObject","inLanguage":"fr-FR","@id":"https:\/\/www.whatthefit.fr\/#\/schema\/logo\/image\/","url":"https:\/\/www.whatthefit.fr\/wp-content\/uploads\/2022\/09\/Copie-de-Logo-Flo-VF-Noir.png","contentUrl":"https:\/\/www.whatthefit.fr\/wp-content\/uploads\/2022\/09\/Copie-de-Logo-Flo-VF-Noir.png","width":1079,"height":1419,"caption":"WTF - What the Fit"},"image":{"@id":"https:\/\/www.whatthefit.fr\/#\/schema\/logo\/image\/"},"sameAs":["https:\/\/www.facebook.com\/AdminWTFit\/","https:\/\/www.instagram.com\/wtfwhatthefitaix\/"]}]}},"uagb_featured_image_src":{"full":["https:\/\/www.whatthefit.fr\/wp-content\/uploads\/2025\/02\/MINI_ref.png",1007,1007,false],"thumbnail":["https:\/\/www.whatthefit.fr\/wp-content\/uploads\/2025\/02\/MINI_ref-150x150.png",150,150,true],"medium":["https:\/\/www.whatthefit.fr\/wp-content\/uploads\/2025\/02\/MINI_ref-300x300.png",300,300,true],"medium_large":["https:\/\/www.whatthefit.fr\/wp-content\/uploads\/2025\/02\/MINI_ref-768x768.png",768,768,true],"large":["https:\/\/www.whatthefit.fr\/wp-content\/uploads\/2025\/02\/MINI_ref.png",1007,1007,false],"1536x1536":["https:\/\/www.whatthefit.fr\/wp-content\/uploads\/2025\/02\/MINI_ref.png",1007,1007,false],"2048x2048":["https:\/\/www.whatthefit.fr\/wp-content\/uploads\/2025\/02\/MINI_ref.png",1007,1007,false],"ocean-thumb-m":["https:\/\/www.whatthefit.fr\/wp-content\/uploads\/2025\/02\/MINI_ref-600x600.png",600,600,true],"ocean-thumb-ml":["https:\/\/www.whatthefit.fr\/wp-content\/uploads\/2025\/02\/MINI_ref-800x450.png",800,450,true],"ocean-thumb-l":["https:\/\/www.whatthefit.fr\/wp-content\/uploads\/2025\/02\/MINI_ref-1007x700.png",1007,700,true],"mailpoet_newsletter_max":["https:\/\/www.whatthefit.fr\/wp-content\/uploads\/2025\/02\/MINI_ref.png",1007,1007,false],"woocommerce_thumbnail":["https:\/\/www.whatthefit.fr\/wp-content\/uploads\/2025\/02\/MINI_ref-300x300.png",300,300,true],"woocommerce_single":["https:\/\/www.whatthefit.fr\/wp-content\/uploads\/2025\/02\/MINI_ref-600x600.png",600,600,true],"woocommerce_gallery_thumbnail":["https:\/\/www.whatthefit.fr\/wp-content\/uploads\/2025\/02\/MINI_ref-100x100.png",100,100,true]},"uagb_author_info":{"display_name":"Admin1944","author_link":"https:\/\/www.whatthefit.fr\/index.php\/author\/"},"uagb_comment_info":0,"uagb_excerpt":"Achat d&rsquo;un forfait MINI FIT (welcome, stranger), qui donne acc\u00e8s \u00e0 tous nos cours en illimit\u00e9. Valable \u00e0 compter de la date d&rsquo;achat et pour une dur\u00e9e d&rsquo;un mois. Tu recevras instantan\u00e9ment ta carte d&rsquo;abonnement par mail. Elle sera \u00e0 pr\u00e9senter \u00e0 l&rsquo;\u00e9quipe en salle avant chaque cours.\u00a0 Attention, si tu ne re\u00e7ois pas ta\u2026","_links":{"self":[{"href":"https:\/\/www.whatthefit.fr\/index.php\/wp-json\/wp\/v2\/product\/161","targetHints":{"allow":["GET"]}}],"collection":[{"href":"https:\/\/www.whatthefit.fr\/index.php\/wp-json\/wp\/v2\/product"}],"about":[{"href":"https:\/\/www.whatthefit.fr\/index.php\/wp-json\/wp\/v2\/types\/product"}],"wp:featuredmedia":[{"embeddable":true,"href":"https:\/\/www.whatthefit.fr\/index.php\/wp-json\/wp\/v2\/media\/3345"}],"wp:attachment":[{"href":"https:\/\/www.whatthefit.fr\/index.php\/wp-json\/wp\/v2\/media?parent=161"}],"wp:term":[{"taxonomy":"product_brand","embeddable":true,"href":"https:\/\/www.whatthefit.fr\/index.php\/wp-json\/wp\/v2\/product_brand?post=161"},{"taxonomy":"product_cat","embeddable":true,"href":"https:\/\/www.whatthefit.fr\/index.php\/wp-json\/wp\/v2\/product_cat?post=161"},{"taxonomy":"product_tag","embeddable":true,"href":"https:\/\/www.whatthefit.fr\/index.php\/wp-json\/wp\/v2\/product_tag?post=161"}],"curies":[{"name":"wp","href":"https:\/\/api.w.org\/{rel}","templated":true}]}}